{"id":3439,"date":"2024-01-24T02:14:18","date_gmt":"2024-01-24T02:14:18","guid":{"rendered":"https:\/\/globalreadyacademy.net\/?post_type=product&#038;p=3439"},"modified":"2024-03-12T06:49:07","modified_gmt":"2024-03-12T06:49:07","slug":"apercu-executif-de-la-strategie-devaluation-et-damelioration","status":"publish","type":"product","link":"https:\/\/test.globalready.academy\/?product=apercu-executif-de-la-strategie-devaluation-et-damelioration&lang=fr","title":{"rendered":"Aper\u00e7u ex\u00e9cutif de la strat\u00e9gie d\u2019\u00e9valuation et d\u2019am\u00e9lioration"},"content":{"rendered":"<div class=\"elementor-column elementor-col-50 elementor-inner-column elementor-element elementor-element-2d9f31a\" data-id=\"2d9f31a\" data-element_type=\"column\">\n<div class=\"elementor-widget-wrap elementor-element-populated\">\n<div class=\"elementor-element elementor-element-896b640 elementor-widget elementor-widget-text-editor\" data-id=\"896b640\" data-element_type=\"widget\" data-widget_type=\"text-editor.default\">\n<div class=\"elementor-widget-container\">\n<p><strong>Participants recommand\u00e9s<\/strong>\u00a0: Corporate, Directeur d\u2019usine, Responsable de maintenance, Directeur de production, Directeur d\u2019ing\u00e9nierie<\/p>\n<\/div>\n<\/div>\n<\/div>\n<\/div>\n<div class=\"elementor-column elementor-col-50 elementor-inner-column elementor-element elementor-element-52b6826\" data-id=\"52b6826\" data-element_type=\"column\">\n<div class=\"elementor-widget-wrap elementor-element-populated\">\n<div class=\"elementor-element elementor-element-bf1d623 elementor-widget elementor-widget-text-editor\" data-id=\"bf1d623\" data-element_type=\"widget\" data-widget_type=\"text-editor.default\">\n<div class=\"elementor-widget-container\">\n<p><strong>Pr\u00e9-requis\u00a0<\/strong>:\u00a0Exp\u00e9rience commerciale ex\u00e9cutive.<\/p>\n<p><strong>Nombre de participants<\/strong>\u00a0:\u00a0Jusqu\u2019\u00e0 10<\/p>\n<p><strong>Dur\u00e9e 1 Jour<\/strong><\/p>\n<\/div>\n<\/div>\n<\/div>\n<\/div>\n","protected":false},"excerpt":{"rendered":"<div class=\"elementor-column elementor-col-50 elementor-inner-column elementor-element elementor-element-2d9f31a\" data-id=\"2d9f31a\" data-element_type=\"column\">\n<div class=\"elementor-widget-wrap elementor-element-populated\">\n<div class=\"elementor-element elementor-element-896b640 elementor-widget elementor-widget-text-editor\" data-id=\"896b640\" data-element_type=\"widget\" data-widget_type=\"text-editor.default\">\n<div class=\"elementor-widget-container\">\n<p><strong>Participants recommand\u00e9s<\/strong>\u00a0: Corporate, Directeur d\u2019usine, Responsable de maintenance, Directeur de production, Directeur d\u2019ing\u00e9nierie<\/p>\n<\/div>\n<\/div>\n<\/div>\n<\/div>\n<div class=\"elementor-column elementor-col-50 elementor-inner-column elementor-element elementor-element-52b6826\" data-id=\"52b6826\" data-element_type=\"column\">\n<div class=\"elementor-widget-wrap elementor-element-populated\">\n<div class=\"elementor-element elementor-element-bf1d623 elementor-widget elementor-widget-text-editor\" data-id=\"bf1d623\" data-element_type=\"widget\" data-widget_type=\"text-editor.default\">\n<div class=\"elementor-widget-container\">\n<p><strong>Pr\u00e9-requis\u00a0<\/strong>:\u00a0Exp\u00e9rience commerciale ex\u00e9cutive.<\/p>\n<p><strong>Nombre de participants<\/strong>\u00a0:\u00a0Jusqu\u2019\u00e0 10<\/p>\n<p><strong>Dur\u00e9e 1 Jour<\/strong><\/p>\n<\/div>\n<\/div>\n<\/div>\n<\/div>\n","protected":false},"featured_media":4195,"template":"","meta":{"_eb_attr":""},"product_cat":[177,189],"product_tag":[],"class_list":{"0":"post-3439","1":"product","2":"type-product","3":"status-publish","4":"has-post-thumbnail","6":"product_cat-formations","7":"product_cat-plan-de-gestion-strategique-des-actifs","9":"first","10":"instock","11":"sold-individually","12":"shipping-taxable","13":"purchasable","14":"product-type-simple"},"lang":"fr","translations":{"fr":3439,"en":1715,"es":3466},"pll_sync_post":[],"_links":{"self":[{"href":"https:\/\/test.globalready.academy\/index.php?rest_route=\/wp\/v2\/product\/3439","targetHints":{"allow":["GET"]}}],"collection":[{"href":"https:\/\/test.globalready.academy\/index.php?rest_route=\/wp\/v2\/product"}],"about":[{"href":"https:\/\/test.globalready.academy\/index.php?rest_route=\/wp\/v2\/types\/product"}],"version-history":[{"count":0,"href":"https:\/\/test.globalready.academy\/index.php?rest_route=\/wp\/v2\/product\/3439\/revisions"}],"wp:featuredmedia":[{"embeddable":true,"href":"https:\/\/test.globalready.academy\/index.php?rest_route=\/wp\/v2\/media\/4195"}],"wp:attachment":[{"href":"https:\/\/test.globalready.academy\/index.php?rest_route=%2Fwp%2Fv2%2Fmedia&parent=3439"}],"wp:term":[{"taxonomy":"product_cat","embeddable":true,"href":"https:\/\/test.globalready.academy\/index.php?rest_route=%2Fwp%2Fv2%2Fproduct_cat&post=3439"},{"taxonomy":"product_tag","embeddable":true,"href":"https:\/\/test.globalready.academy\/index.php?rest_route=%2Fwp%2Fv2%2Fproduct_tag&post=3439"}],"curies":[{"name":"wp","href":"https:\/\/api.w.org\/{rel}","templated":true}]}}