{"id":3429,"date":"2024-01-23T03:39:28","date_gmt":"2024-01-23T03:39:28","guid":{"rendered":"https:\/\/globalreadyacademy.net\/?post_type=product&#038;p=3429"},"modified":"2024-03-30T04:28:34","modified_gmt":"2024-03-30T04:28:34","slug":"competency-development-program-for-pmo-facilitators-fr","status":"publish","type":"product","link":"https:\/\/test.globalready.academy\/?product=competency-development-program-for-pmo-facilitators-fr&lang=fr","title":{"rendered":"Competency Development Program for PMO Facilitators fr"},"content":{"rendered":"<div class=\"elementor-column elementor-col-50 elementor-inner-column elementor-element elementor-element-e91b50e\" data-id=\"e91b50e\" data-element_type=\"column\">\n<div class=\"elementor-widget-wrap elementor-element-populated\">\n<div class=\"elementor-element elementor-element-7e344f0 elementor-widget elementor-widget-text-editor\" data-id=\"7e344f0\" data-element_type=\"widget\" data-widget_type=\"text-editor.default\">\n<div class=\"elementor-widget-container\"><\/div>\n<\/div>\n<\/div>\n<\/div>\n<div class=\"elementor-column elementor-col-50 elementor-inner-column elementor-element elementor-element-c55811f\" data-id=\"c55811f\" data-element_type=\"column\">\n<div class=\"elementor-widget-wrap elementor-element-populated\">\n<div class=\"elementor-element elementor-element-eb66848 elementor-widget elementor-widget-text-editor\" data-id=\"eb66848\" data-element_type=\"widget\" data-widget_type=\"text-editor.default\">\n<div class=\"elementor-widget-container\">\n<p><strong>Participants recommand\u00e9s\u00a0<\/strong>: Ing\u00e9nieur en fiabilit\u00e9, Planificateur<\/p>\n<p><strong>Exigences pr\u00e9alables<\/strong>\u00a0: RCM bas\u00e9 sur des normes et ses d\u00e9riv\u00e9s<\/p>\n<p><strong>Nombre de participants<\/strong>\u00a0: Max. 6<\/p>\n<p><strong>Dur\u00e9e 3 Jours<\/strong><\/p>\n<\/div>\n<\/div>\n<\/div>\n<\/div>\n","protected":false},"excerpt":{"rendered":"<p><strong>Participants recommand\u00e9s\u00a0<\/strong>: Ing\u00e9nieur en fiabilit\u00e9, Planificateur<\/p>\n<p><strong>Exigences pr\u00e9alables<\/strong>\u00a0: RCM bas\u00e9 sur des normes et ses d\u00e9riv\u00e9s<\/p>\n<p><strong>Nombre de participants<\/strong>\u00a0: Max. 6<\/p>\n<p><strong>Dur\u00e9e 3 Jours<\/strong><\/p>\n","protected":false},"featured_media":4195,"template":"","meta":{"_eb_attr":""},"product_cat":[175,177],"product_tag":[],"class_list":{"0":"post-3429","1":"product","2":"type-product","3":"status-publish","4":"has-post-thumbnail","6":"product_cat-etablir-un-programme-de-maintenance-proactive","7":"product_cat-formations","9":"first","10":"instock","11":"sold-individually","12":"shipping-taxable","13":"purchasable","14":"product-type-simple"},"lang":"fr","translations":{"fr":3429,"en":1681,"es":3460},"pll_sync_post":[],"_links":{"self":[{"href":"https:\/\/test.globalready.academy\/index.php?rest_route=\/wp\/v2\/product\/3429","targetHints":{"allow":["GET"]}}],"collection":[{"href":"https:\/\/test.globalready.academy\/index.php?rest_route=\/wp\/v2\/product"}],"about":[{"href":"https:\/\/test.globalready.academy\/index.php?rest_route=\/wp\/v2\/types\/product"}],"version-history":[{"count":0,"href":"https:\/\/test.globalready.academy\/index.php?rest_route=\/wp\/v2\/product\/3429\/revisions"}],"wp:featuredmedia":[{"embeddable":true,"href":"https:\/\/test.globalready.academy\/index.php?rest_route=\/wp\/v2\/media\/4195"}],"wp:attachment":[{"href":"https:\/\/test.globalready.academy\/index.php?rest_route=%2Fwp%2Fv2%2Fmedia&parent=3429"}],"wp:term":[{"taxonomy":"product_cat","embeddable":true,"href":"https:\/\/test.globalready.academy\/index.php?rest_route=%2Fwp%2Fv2%2Fproduct_cat&post=3429"},{"taxonomy":"product_tag","embeddable":true,"href":"https:\/\/test.globalready.academy\/index.php?rest_route=%2Fwp%2Fv2%2Fproduct_tag&post=3429"}],"curies":[{"name":"wp","href":"https:\/\/api.w.org\/{rel}","templated":true}]}}