{"id":632,"date":"2023-10-09T17:55:53","date_gmt":"2023-10-09T17:55:53","guid":{"rendered":"https:\/\/globalreadyacademy.net\/?page_id=632"},"modified":"2024-04-05T09:09:40","modified_gmt":"2024-04-05T09:09:40","slug":"capacitacion","status":"publish","type":"page","link":"https:\/\/test.globalready.academy\/?page_id=632&lang=es","title":{"rendered":"Capacitaci\u00f3n"},"content":{"rendered":"\t\t<div data-elementor-type=\"wp-page\" data-elementor-id=\"632\" class=\"elementor elementor-632\">\n\t\t\t\t\t\t<section data-particle_enable=\"false\" data-particle-mobile-disabled=\"false\" class=\"elementor-section elementor-top-section elementor-element elementor-element-d7e6cb2 elementor-section-full_width elementor-section-height-min-height elementor-section-stretched elementor-section-height-default elementor-section-items-middle eltdf-parallax-row-no eltdf-content-aligment-left eltdf-elementor-row-grid-no eltdf-disabled-bg-image-bellow-no\" data-id=\"d7e6cb2\" data-element_type=\"section\" data-settings=\"{&quot;stretch_section&quot;:&quot;section-stretched&quot;,&quot;background_background&quot;:&quot;classic&quot;}\">\n\t\t\t\t\t\t<div class=\"elementor-container elementor-column-gap-default\">\n\t\t\t\t\t<div class=\"elementor-column elementor-col-100 elementor-top-column elementor-element elementor-element-0e9689f\" data-id=\"0e9689f\" data-element_type=\"column\">\n\t\t\t<div class=\"elementor-widget-wrap elementor-element-populated\">\n\t\t\t\t\t\t<div class=\"elementor-element elementor-element-39043cd elementor-widget elementor-widget-heading\" data-id=\"39043cd\" data-element_type=\"widget\" data-widget_type=\"heading.default\">\n\t\t\t\t<div class=\"elementor-widget-container\">\n\t\t\t\t\t<h2 class=\"elementor-heading-title elementor-size-default\">Capacitaci\u00f3n<\/h2>\t\t\t\t<\/div>\n\t\t\t\t<\/div>\n\t\t\t\t\t<\/div>\n\t\t<\/div>\n\t\t\t\t\t<\/div>\n\t\t<\/section>\n\t\t\t\t<section data-particle_enable=\"false\" data-particle-mobile-disabled=\"false\" class=\"elementor-section elementor-top-section elementor-element elementor-element-4153bde elementor-section-full_width elementor-section-stretched elementor-section-height-default elementor-section-height-default eltdf-parallax-row-no eltdf-content-aligment-left eltdf-elementor-row-grid-no eltdf-disabled-bg-image-bellow-no\" data-id=\"4153bde\" data-element_type=\"section\" data-settings=\"{&quot;stretch_section&quot;:&quot;section-stretched&quot;,&quot;background_background&quot;:&quot;classic&quot;}\">\n\t\t\t\t\t\t<div class=\"elementor-container elementor-column-gap-default\">\n\t\t\t\t\t<div class=\"elementor-column elementor-col-100 elementor-top-column elementor-element elementor-element-ee8e3a4\" data-id=\"ee8e3a4\" data-element_type=\"column\">\n\t\t\t<div class=\"elementor-widget-wrap elementor-element-populated\">\n\t\t\t\t\t\t<section data-particle_enable=\"false\" data-particle-mobile-disabled=\"false\" class=\"elementor-section elementor-inner-section elementor-element elementor-element-0d77714 elementor-section-boxed elementor-section-height-default elementor-section-height-default eltdf-parallax-row-no eltdf-content-aligment-left eltdf-elementor-row-grid-no eltdf-disabled-bg-image-bellow-no\" data-id=\"0d77714\" data-element_type=\"section\">\n\t\t\t\t\t\t<div class=\"elementor-container elementor-column-gap-default\">\n\t\t\t\t\t<div class=\"elementor-column elementor-col-100 elementor-inner-column elementor-element elementor-element-3e2195b\" data-id=\"3e2195b\" data-element_type=\"column\">\n\t\t\t<div class=\"elementor-widget-wrap elementor-element-populated\">\n\t\t\t\t\t\t<div class=\"elementor-element elementor-element-b90cd71 elementor-widget elementor-widget-heading\" data-id=\"b90cd71\" data-element_type=\"widget\" data-widget_type=\"heading.default\">\n\t\t\t\t<div class=\"elementor-widget-container\">\n\t\t\t\t\t<h2 class=\"elementor-heading-title elementor-size-default\">Corrientes de conocimiento disponibles<\/h2>\t\t\t\t<\/div>\n\t\t\t\t<\/div>\n\t\t\t\t\t<\/div>\n\t\t<\/div>\n\t\t\t\t\t<\/div>\n\t\t<\/section>\n\t\t\t\t<section data-particle_enable=\"false\" data-particle-mobile-disabled=\"false\" class=\"elementor-section elementor-inner-section elementor-element elementor-element-03489b0 elementor-section-boxed elementor-section-height-default elementor-section-height-default eltdf-parallax-row-no eltdf-content-aligment-left eltdf-elementor-row-grid-no eltdf-disabled-bg-image-bellow-no\" data-id=\"03489b0\" data-element_type=\"section\">\n\t\t\t\t\t\t<div class=\"elementor-container elementor-column-gap-default\">\n\t\t\t\t\t<div class=\"elementor-column elementor-col-33 elementor-inner-column elementor-element elementor-element-69f4fda elementor-invisible\" data-id=\"69f4fda\" data-element_type=\"column\" data-settings=\"{&quot;background_background&quot;:&quot;classic&quot;,&quot;animation&quot;:&quot;pulse&quot;}\">\n\t\t\t<div class=\"elementor-widget-wrap elementor-element-populated\">\n\t\t\t\t\t\t<div class=\"elementor-element elementor-element-7995402 elementor-widget elementor-widget-image\" data-id=\"7995402\" data-element_type=\"widget\" data-widget_type=\"image.default\">\n\t\t\t\t<div class=\"elementor-widget-container\">\n\t\t\t\t\t\t\t\t\t\t\t\t\t\t\t\t<a href=\"https:\/\/globalreadyacademy.net\/?page_id=1142\">\n\t\t\t\t\t\t\t<img fetchpriority=\"high\" decoding=\"async\" width=\"1054\" height=\"704\" src=\"https:\/\/test.globalready.academy\/wp-content\/uploads\/2024\/03\/Diseno-sin-titulo-5.png\" class=\"elementor-animation-bob attachment-full size-full wp-image-4479\" alt=\"\" srcset=\"https:\/\/test.globalready.academy\/wp-content\/uploads\/2024\/03\/Diseno-sin-titulo-5.png 1054w, https:\/\/test.globalready.academy\/wp-content\/uploads\/2024\/03\/Diseno-sin-titulo-5-300x200.png 300w, https:\/\/test.globalready.academy\/wp-content\/uploads\/2024\/03\/Diseno-sin-titulo-5-1024x684.png 1024w, https:\/\/test.globalready.academy\/wp-content\/uploads\/2024\/03\/Diseno-sin-titulo-5-768x513.png 768w, https:\/\/test.globalready.academy\/wp-content\/uploads\/2024\/03\/Diseno-sin-titulo-5-600x401.png 600w, https:\/\/test.globalready.academy\/wp-content\/uploads\/2024\/03\/Diseno-sin-titulo-5-48x32.png 48w\" sizes=\"(max-width: 1054px) 100vw, 1054px\" \/>\t\t\t\t\t\t\t\t<\/a>\n\t\t\t\t\t\t\t\t\t\t\t\t\t\t\t<\/div>\n\t\t\t\t<\/div>\n\t\t\t\t<div class=\"elementor-element elementor-element-9e79891 elementor-widget elementor-widget-heading\" data-id=\"9e79891\" data-element_type=\"widget\" data-widget_type=\"heading.default\">\n\t\t\t\t<div class=\"elementor-widget-container\">\n\t\t\t\t\t<h3 class=\"elementor-heading-title elementor-size-default\">Gesti\u00f3n de control de trabajo basada en equipos<\/h3>\t\t\t\t<\/div>\n\t\t\t\t<\/div>\n\t\t\t\t<div class=\"elementor-element elementor-element-c8de1e5 elementor-widget elementor-widget-text-editor\" data-id=\"c8de1e5\" data-element_type=\"widget\" data-widget_type=\"text-editor.default\">\n\t\t\t\t<div class=\"elementor-widget-container\">\n\t\t\t\t\t\t\t\t\t<p>La Gesti\u00f3n de Control de Trabajo engloba las actividades utilizadas para identificar, planificar, programar y ejecutar trabajos de mantenimiento de manera eficiente, controlada, segura, respetuosa con el medio ambiente y que satisfaga las necesidades de producci\u00f3n al m\u00ednimo costo.<\/p>\t\t\t\t\t\t\t\t<\/div>\n\t\t\t\t<\/div>\n\t\t\t\t<div class=\"elementor-element elementor-element-d6376f0 elementor-widget elementor-widget-text-editor\" data-id=\"d6376f0\" data-element_type=\"widget\" data-widget_type=\"text-editor.default\">\n\t\t\t\t<div class=\"elementor-widget-container\">\n\t\t\t\t\t\t\t\t\t<p><span style=\"color: #415fa3;\"><a style=\"color: #415fa3;\" href=\"https:\/\/globalreadyacademy.net\/?page_id=660&amp;lang=es\"><span style=\"text-decoration: underline;\">Ver m\u00e1s<\/span><\/a><\/span><\/p>\t\t\t\t\t\t\t\t<\/div>\n\t\t\t\t<\/div>\n\t\t\t\t\t<\/div>\n\t\t<\/div>\n\t\t\t\t<div class=\"elementor-column elementor-col-33 elementor-inner-column elementor-element elementor-element-e4aba3f elementor-invisible\" data-id=\"e4aba3f\" data-element_type=\"column\" data-settings=\"{&quot;background_background&quot;:&quot;classic&quot;,&quot;animation&quot;:&quot;pulse&quot;,&quot;animation_delay&quot;:200}\">\n\t\t\t<div class=\"elementor-widget-wrap elementor-element-populated\">\n\t\t\t\t\t<div class=\"elementor-background-overlay\"><\/div>\n\t\t\t\t\t\t<div class=\"elementor-element elementor-element-f4174f8 elementor-widget elementor-widget-image\" data-id=\"f4174f8\" data-element_type=\"widget\" data-widget_type=\"image.default\">\n\t\t\t\t<div class=\"elementor-widget-container\">\n\t\t\t\t\t\t\t\t\t\t\t\t\t\t\t\t<a href=\"https:\/\/globalreadyacademy.net\/?page_id=1118\">\n\t\t\t\t\t\t\t<img decoding=\"async\" width=\"1054\" height=\"704\" src=\"https:\/\/test.globalready.academy\/wp-content\/uploads\/2024\/03\/Diseno-sin-titulo-6.png\" class=\"elementor-animation-bob attachment-full size-full wp-image-4480\" alt=\"\" srcset=\"https:\/\/test.globalready.academy\/wp-content\/uploads\/2024\/03\/Diseno-sin-titulo-6.png 1054w, https:\/\/test.globalready.academy\/wp-content\/uploads\/2024\/03\/Diseno-sin-titulo-6-300x200.png 300w, https:\/\/test.globalready.academy\/wp-content\/uploads\/2024\/03\/Diseno-sin-titulo-6-1024x684.png 1024w, https:\/\/test.globalready.academy\/wp-content\/uploads\/2024\/03\/Diseno-sin-titulo-6-768x513.png 768w, https:\/\/test.globalready.academy\/wp-content\/uploads\/2024\/03\/Diseno-sin-titulo-6-600x401.png 600w, https:\/\/test.globalready.academy\/wp-content\/uploads\/2024\/03\/Diseno-sin-titulo-6-48x32.png 48w\" sizes=\"(max-width: 1054px) 100vw, 1054px\" \/>\t\t\t\t\t\t\t\t<\/a>\n\t\t\t\t\t\t\t\t\t\t\t\t\t\t\t<\/div>\n\t\t\t\t<\/div>\n\t\t\t\t<div class=\"elementor-element elementor-element-4b354cb elementor-widget elementor-widget-heading\" data-id=\"4b354cb\" data-element_type=\"widget\" data-widget_type=\"heading.default\">\n\t\t\t\t<div class=\"elementor-widget-container\">\n\t\t\t\t\t<h3 class=\"elementor-heading-title elementor-size-default\">An\u00e1lisis de fallas y soluci\u00f3n de problemas<\/h3>\t\t\t\t<\/div>\n\t\t\t\t<\/div>\n\t\t\t\t<div class=\"elementor-element elementor-element-454f29f elementor-widget elementor-widget-text-editor\" data-id=\"454f29f\" data-element_type=\"widget\" data-widget_type=\"text-editor.default\">\n\t\t\t\t<div class=\"elementor-widget-container\">\n\t\t\t\t\t\t\t\t\t<p>Cuando se aplican correctamente, las t\u00e9cnicas de an\u00e1lisis de fallas y resoluci\u00f3n de problemas brindan valor a la organizaci\u00f3n al mantener \/ aumentar el rendimiento de los activos \/ desempe\u00f1o de plantas.<\/p>\t\t\t\t\t\t\t\t<\/div>\n\t\t\t\t<\/div>\n\t\t\t\t<div class=\"elementor-element elementor-element-a3ef415 elementor-widget elementor-widget-text-editor\" data-id=\"a3ef415\" data-element_type=\"widget\" data-widget_type=\"text-editor.default\">\n\t\t\t\t<div class=\"elementor-widget-container\">\n\t\t\t\t\t\t\t\t\t<p><span style=\"color: #415fa3;\"><a style=\"color: #415fa3;\" href=\"https:\/\/globalreadyacademy.net\/?page_id=809&amp;lang=es\"><span style=\"text-decoration: underline;\">Ver m\u00e1s<\/span><\/a><\/span><\/p>\t\t\t\t\t\t\t\t<\/div>\n\t\t\t\t<\/div>\n\t\t\t\t\t<\/div>\n\t\t<\/div>\n\t\t\t\t<div class=\"elementor-column elementor-col-33 elementor-inner-column elementor-element elementor-element-c49d504 elementor-invisible\" data-id=\"c49d504\" data-element_type=\"column\" data-settings=\"{&quot;background_background&quot;:&quot;classic&quot;,&quot;animation&quot;:&quot;pulse&quot;,&quot;animation_delay&quot;:400}\">\n\t\t\t<div class=\"elementor-widget-wrap elementor-element-populated\">\n\t\t\t\t\t\t<div class=\"elementor-element elementor-element-97a185e elementor-widget elementor-widget-image\" data-id=\"97a185e\" data-element_type=\"widget\" data-widget_type=\"image.default\">\n\t\t\t\t<div class=\"elementor-widget-container\">\n\t\t\t\t\t\t\t\t\t\t\t\t\t\t\t\t<a href=\"https:\/\/globalreadyacademy.net\/?page_id=1050\">\n\t\t\t\t\t\t\t<img decoding=\"async\" width=\"527\" height=\"352\" src=\"https:\/\/test.globalready.academy\/wp-content\/uploads\/2023\/10\/Establishing-a-proactive-maintenance-program-img.jpg\" class=\"elementor-animation-bob attachment-full size-full wp-image-1352\" alt=\"\" srcset=\"https:\/\/test.globalready.academy\/wp-content\/uploads\/2023\/10\/Establishing-a-proactive-maintenance-program-img.jpg 527w, https:\/\/test.globalready.academy\/wp-content\/uploads\/2023\/10\/Establishing-a-proactive-maintenance-program-img-300x200.jpg 300w\" sizes=\"(max-width: 527px) 100vw, 527px\" \/>\t\t\t\t\t\t\t\t<\/a>\n\t\t\t\t\t\t\t\t\t\t\t\t\t\t\t<\/div>\n\t\t\t\t<\/div>\n\t\t\t\t<div class=\"elementor-element elementor-element-b9ab67d elementor-widget elementor-widget-heading\" data-id=\"b9ab67d\" data-element_type=\"widget\" data-widget_type=\"heading.default\">\n\t\t\t\t<div class=\"elementor-widget-container\">\n\t\t\t\t\t<h3 class=\"elementor-heading-title elementor-size-default\">Establecimiento de un programa de mantenimiento proactivo<\/h3>\t\t\t\t<\/div>\n\t\t\t\t<\/div>\n\t\t\t\t<div class=\"elementor-element elementor-element-714362b elementor-widget elementor-widget-text-editor\" data-id=\"714362b\" data-element_type=\"widget\" data-widget_type=\"text-editor.default\">\n\t\t\t\t<div class=\"elementor-widget-container\">\n\t\t\t\t\t\t\t\t\t<p>RCM, FMEA\/FMECA y PMO son disciplinas l\u00f3gicas para el desarrollo y la optimizaci\u00f3n de programas eficientes de mantenimiento programado (preventivo) para activos complejos y la gesti\u00f3n continua de dichos programas.<\/p>\t\t\t\t\t\t\t\t<\/div>\n\t\t\t\t<\/div>\n\t\t\t\t<div class=\"elementor-element elementor-element-2c5081c elementor-widget elementor-widget-text-editor\" data-id=\"2c5081c\" data-element_type=\"widget\" data-widget_type=\"text-editor.default\">\n\t\t\t\t<div class=\"elementor-widget-container\">\n\t\t\t\t\t\t\t\t\t<p><span style=\"color: #415fa3;\"><a style=\"color: #415fa3;\" href=\"https:\/\/globalreadyacademy.net\/?page_id=826&amp;lang=es\"><span style=\"text-decoration: underline;\">Ver m\u00e1s<\/span><\/a><\/span><\/p>\t\t\t\t\t\t\t\t<\/div>\n\t\t\t\t<\/div>\n\t\t\t\t\t<\/div>\n\t\t<\/div>\n\t\t\t\t\t<\/div>\n\t\t<\/section>\n\t\t\t\t<section data-particle_enable=\"false\" data-particle-mobile-disabled=\"false\" class=\"elementor-section elementor-inner-section elementor-element elementor-element-acd917e elementor-section-boxed elementor-section-height-default elementor-section-height-default eltdf-parallax-row-no eltdf-content-aligment-left eltdf-elementor-row-grid-no eltdf-disabled-bg-image-bellow-no\" data-id=\"acd917e\" data-element_type=\"section\">\n\t\t\t\t\t\t<div class=\"elementor-container elementor-column-gap-default\">\n\t\t\t\t\t<div class=\"elementor-column elementor-col-33 elementor-inner-column elementor-element elementor-element-151a5f2 elementor-invisible\" data-id=\"151a5f2\" data-element_type=\"column\" data-settings=\"{&quot;background_background&quot;:&quot;classic&quot;,&quot;animation&quot;:&quot;pulse&quot;}\">\n\t\t\t<div class=\"elementor-widget-wrap elementor-element-populated\">\n\t\t\t\t\t\t<div class=\"elementor-element elementor-element-6ec747a elementor-widget elementor-widget-image\" data-id=\"6ec747a\" data-element_type=\"widget\" data-widget_type=\"image.default\">\n\t\t\t\t<div class=\"elementor-widget-container\">\n\t\t\t\t\t\t\t\t\t\t\t\t\t\t\t\t<a href=\"https:\/\/globalreadyacademy.net\/?page_id=1012\">\n\t\t\t\t\t\t\t<img loading=\"lazy\" decoding=\"async\" width=\"608\" height=\"405\" src=\"https:\/\/test.globalready.academy\/wp-content\/uploads\/2023\/11\/stock-photo-two-workers-wearing-safety-vest-helmet-using-digital-tablet-discussion.jpg\" class=\"elementor-animation-bob attachment-full size-full wp-image-1586\" alt=\"\" srcset=\"https:\/\/test.globalready.academy\/wp-content\/uploads\/2023\/11\/stock-photo-two-workers-wearing-safety-vest-helmet-using-digital-tablet-discussion.jpg 608w, https:\/\/test.globalready.academy\/wp-content\/uploads\/2023\/11\/stock-photo-two-workers-wearing-safety-vest-helmet-using-digital-tablet-discussion-300x200.jpg 300w, https:\/\/test.globalready.academy\/wp-content\/uploads\/2023\/11\/stock-photo-two-workers-wearing-safety-vest-helmet-using-digital-tablet-discussion-600x400.jpg 600w\" sizes=\"(max-width: 608px) 100vw, 608px\" \/>\t\t\t\t\t\t\t\t<\/a>\n\t\t\t\t\t\t\t\t\t\t\t\t\t\t\t<\/div>\n\t\t\t\t<\/div>\n\t\t\t\t<div class=\"elementor-element elementor-element-ce940b6 elementor-widget elementor-widget-heading\" data-id=\"ce940b6\" data-element_type=\"widget\" data-widget_type=\"heading.default\">\n\t\t\t\t<div class=\"elementor-widget-container\">\n\t\t\t\t\t<h3 class=\"elementor-heading-title elementor-size-default\">Ingenier\u00eda Organizacional<\/h3>\t\t\t\t<\/div>\n\t\t\t\t<\/div>\n\t\t\t\t<div class=\"elementor-element elementor-element-63e4178 elementor-widget elementor-widget-text-editor\" data-id=\"63e4178\" data-element_type=\"widget\" data-widget_type=\"text-editor.default\">\n\t\t\t\t<div class=\"elementor-widget-container\">\n\t\t\t\t\t\t\t\t\t<p>La ingenier\u00eda organizacional es la ciencia de hacer que las organizaciones pasen de depender de las personas a depender de los procesos mediante la definici\u00f3n y el despliegue de los elementos necesarios para alinear las acciones y los comportamientos con el modelo de negocios de la<\/p>\t\t\t\t\t\t\t\t<\/div>\n\t\t\t\t<\/div>\n\t\t\t\t<div class=\"elementor-element elementor-element-f63b3eb elementor-widget elementor-widget-text-editor\" data-id=\"f63b3eb\" data-element_type=\"widget\" data-widget_type=\"text-editor.default\">\n\t\t\t\t<div class=\"elementor-widget-container\">\n\t\t\t\t\t\t\t\t\t<p><span style=\"color: #415fa3;\"><a style=\"color: #415fa3;\" href=\"https:\/\/globalreadyacademy.net\/?page_id=843&amp;lang=es\"><span style=\"text-decoration: underline;\">Ver m\u00e1s<\/span><\/a><\/span><\/p>\t\t\t\t\t\t\t\t<\/div>\n\t\t\t\t<\/div>\n\t\t\t\t\t<\/div>\n\t\t<\/div>\n\t\t\t\t<div class=\"elementor-column elementor-col-33 elementor-inner-column elementor-element elementor-element-2699436 elementor-invisible\" data-id=\"2699436\" data-element_type=\"column\" data-settings=\"{&quot;background_background&quot;:&quot;classic&quot;,&quot;animation&quot;:&quot;pulse&quot;,&quot;animation_delay&quot;:200}\">\n\t\t\t<div class=\"elementor-widget-wrap elementor-element-populated\">\n\t\t\t\t\t\t<div class=\"elementor-element elementor-element-0b28cbb elementor-widget elementor-widget-image\" data-id=\"0b28cbb\" data-element_type=\"widget\" data-widget_type=\"image.default\">\n\t\t\t\t<div class=\"elementor-widget-container\">\n\t\t\t\t\t\t\t\t\t\t\t\t\t\t\t\t<a href=\"https:\/\/globalreadyacademy.net\/?page_id=984\">\n\t\t\t\t\t\t\t<img loading=\"lazy\" decoding=\"async\" width=\"1280\" height=\"854\" src=\"https:\/\/test.globalready.academy\/wp-content\/uploads\/2023\/11\/engineer-4941336_1280.jpg\" class=\"elementor-animation-bob attachment-full size-full wp-image-1592\" alt=\"\" srcset=\"https:\/\/test.globalready.academy\/wp-content\/uploads\/2023\/11\/engineer-4941336_1280.jpg 1280w, https:\/\/test.globalready.academy\/wp-content\/uploads\/2023\/11\/engineer-4941336_1280-300x200.jpg 300w, https:\/\/test.globalready.academy\/wp-content\/uploads\/2023\/11\/engineer-4941336_1280-1024x683.jpg 1024w, https:\/\/test.globalready.academy\/wp-content\/uploads\/2023\/11\/engineer-4941336_1280-768x512.jpg 768w, https:\/\/test.globalready.academy\/wp-content\/uploads\/2023\/11\/engineer-4941336_1280-600x400.jpg 600w\" sizes=\"(max-width: 1280px) 100vw, 1280px\" \/>\t\t\t\t\t\t\t\t<\/a>\n\t\t\t\t\t\t\t\t\t\t\t\t\t\t\t<\/div>\n\t\t\t\t<\/div>\n\t\t\t\t<div class=\"elementor-element elementor-element-bde3fb2 elementor-widget elementor-widget-heading\" data-id=\"bde3fb2\" data-element_type=\"widget\" data-widget_type=\"heading.default\">\n\t\t\t\t<div class=\"elementor-widget-container\">\n\t\t\t\t\t<h3 class=\"elementor-heading-title elementor-size-default\">Plan estrat\u00e9gico de manejo de activos<\/h3>\t\t\t\t<\/div>\n\t\t\t\t<\/div>\n\t\t\t\t<div class=\"elementor-element elementor-element-cfbe18f elementor-widget elementor-widget-text-editor\" data-id=\"cfbe18f\" data-element_type=\"widget\" data-widget_type=\"text-editor.default\">\n\t\t\t\t<div class=\"elementor-widget-container\">\n\t\t\t\t\t\t\t\t\t<p>El plan comienza con una evaluaci\u00f3n del cumplimiento del sitio con pr\u00e1cticas de clase mundial y se basa en objetivos pr\u00e1cticos y alcanzables.<\/p>\t\t\t\t\t\t\t\t<\/div>\n\t\t\t\t<\/div>\n\t\t\t\t<div class=\"elementor-element elementor-element-711bfc0 elementor-widget elementor-widget-text-editor\" data-id=\"711bfc0\" data-element_type=\"widget\" data-widget_type=\"text-editor.default\">\n\t\t\t\t<div class=\"elementor-widget-container\">\n\t\t\t\t\t\t\t\t\t<p><span style=\"color: #415fa3;\"><a style=\"color: #415fa3;\" href=\"https:\/\/globalreadyacademy.net\/?page_id=867&amp;lang=es\"><span style=\"text-decoration: underline;\">Ver m\u00e1s<\/span><\/a><\/span><\/p>\t\t\t\t\t\t\t\t<\/div>\n\t\t\t\t<\/div>\n\t\t\t\t\t<\/div>\n\t\t<\/div>\n\t\t\t\t<div class=\"elementor-column elementor-col-33 elementor-inner-column elementor-element elementor-element-0f29bf6\" data-id=\"0f29bf6\" data-element_type=\"column\">\n\t\t\t<div class=\"elementor-widget-wrap\">\n\t\t\t\t\t\t\t<\/div>\n\t\t<\/div>\n\t\t\t\t\t<\/div>\n\t\t<\/section>\n\t\t\t\t\t<\/div>\n\t\t<\/div>\n\t\t\t\t\t<\/div>\n\t\t<\/section>\n\t\t\t\t<\/div>\n\t\t","protected":false},"excerpt":{"rendered":"<p>Capacitaci\u00f3n Corrientes de conocimiento disponibles Gesti\u00f3n de control de trabajo basada en equipos La Gesti\u00f3n de Control de Trabajo engloba las actividades utilizadas para identificar, planificar, programar y ejecutar trabajos de mantenimiento de manera eficiente, controlada, segura, respetuosa con el [&hellip;]<\/p>\n","protected":false},"author":1,"featured_media":0,"parent":0,"menu_order":0,"comment_status":"closed","ping_status":"closed","template":"","meta":{"_eb_attr":"","footnotes":""},"class_list":["post-632","page","type-page","status-publish","hentry"],"lang":"es","translations":{"es":632,"en":964,"fr":1206},"pll_sync_post":[],"_links":{"self":[{"href":"https:\/\/test.globalready.academy\/index.php?rest_route=\/wp\/v2\/pages\/632","targetHints":{"allow":["GET"]}}],"collection":[{"href":"https:\/\/test.globalready.academy\/index.php?rest_route=\/wp\/v2\/pages"}],"about":[{"href":"https:\/\/test.globalready.academy\/index.php?rest_route=\/wp\/v2\/types\/page"}],"author":[{"embeddable":true,"href":"https:\/\/test.globalready.academy\/index.php?rest_route=\/wp\/v2\/users\/1"}],"replies":[{"embeddable":true,"href":"https:\/\/test.globalready.academy\/index.php?rest_route=%2Fwp%2Fv2%2Fcomments&post=632"}],"version-history":[{"count":52,"href":"https:\/\/test.globalready.academy\/index.php?rest_route=\/wp\/v2\/pages\/632\/revisions"}],"predecessor-version":[{"id":5009,"href":"https:\/\/test.globalready.academy\/index.php?rest_route=\/wp\/v2\/pages\/632\/revisions\/5009"}],"wp:attachment":[{"href":"https:\/\/test.globalready.academy\/index.php?rest_route=%2Fwp%2Fv2%2Fmedia&parent=632"}],"curies":[{"name":"wp","href":"https:\/\/api.w.org\/{rel}","templated":true}]}}